 are the prime factors of z(4)?
7, 19
Let z(w) = 0 + 1 - 2*w - 6 - 6. List the prime factors of z(-10).
3
Let i(b) = -3*b - 7*b**3 - 1 - 8*b**2 - 5*b + 6*b**3. Let u be i(-7). Suppose u*k - 2*k - 2*j = 58, 4*k + 2*j = 70. What are the prime factors of k?
2
Let d = 63 - 39. What are the prime factors of d?
2, 3
Suppose 0 = n - 4 - 2. Suppose 3*m = -2*s + 136, -4*s + n = m - 46. List the prime factors of m.
2, 11
Suppose 0 = -3*n + 319 + 38. What are the prime factors of n?
7, 17
Let x = 4 - -1. Let s be (69/5)/(1/x). What are the prime factors of (-2)/4 + s/6?
11
Let i = -7 + 10. Suppose 3 = -2*m - i. List the prime factors of -5*m*6/9.
2, 5
Let c(w) = w**3 - 4*w**2 - 6*w + 3. Let r be c(5). Let n be -1 - (-11 - (1 + r)). Suppose -q + 5 + n = 0. List the prime factors of q.
2, 7
Let m(i) = 28*i - 9. Let h be m(5). Suppose -x + h = 3*k + 4*x, -3*x - 15 = 0. What are the prime factors of k?
2, 13
Let n = 7 + 8. Suppose -16 - 14 = -3*c. Let l = n - c. List the prime factors of l.
5
Let d(r) = -3*r - 5*r + r**2 - 9 + 2*r + 3*r. List the prime factors of d(9).
3, 5
Let x(s) = -15 - 3*s + 0*s**3 + s - 5*s**2 - s**3 + 5*s. List the prime factors of x(-7).
2, 31
List the prime factors of (-1 - 3)/(1/(-6)).
2, 3
Let r be (-34)/2 + (-1)/1. Let j = r + 31. What are the prime factors of j?
13
Let b = 45 + -2. What are the prime factors of b?
43
Let h = 4 + -2. Let d = 3 - h. Suppose 0 = -r + 1 + d. What are the prime factors of r?
2
Let g = -25 - -52. Let n = -6 + g. Suppose n - 1 = 5*s. What are the prime factors of s?
2
Suppose 2*s + 2*r - 10 = -0*r, 3*s = 2*r + 35. Let l = 13 - s. List the prime factors of l.
2
Let u = -6 - -12. Suppose u*s - s = 85. List the prime factors of s.
17
Let s = -59 - -84. Let o = 38 - s. List the prime factors of o.
13
Let v be -11*3*(-4)/3. Let l = v + -18. List the prime factors of l.
2, 13
Suppose 5*n + 5*p - 100 = 0, -p = 5*n + 3*p - 102. What are the prime factors of n?
2, 11
Let q = 4 + 1. Suppose 3*n = q*n - 12. List the prime factors of n.
2, 3
Let p(m) = 14*m - 1. Suppose -3*s + 5 = -4*o, -s + 0*s + 4*o = 1. Suppose -s = -l - 2. What are the prime factors of p(l)?
13
Let l = -207 + 408. What are the prime factors of 6/(-15) - l/(-15)?
13
Let i = 105 + -70. List the prime factors of i.
5, 7
Suppose 4*t + 428 = 4*y, 4*t + 9 = t. List the prime factors of y.
2, 13
Let g = 373 + -182. What are the prime factors of g?
191
Suppose 3*b - 40 = 2*b. What are the prime factors of b?
2, 5
Let n = -5 + -3. Let l = 1 - n. List the prime factors of l.
3
Suppose -33 = 2*o - 3*o. What are the prime factors of o?
3, 11
Suppose -3*o + 2*a + 11 = 0, -3*o + 12 + 11 = -5*a. Suppose o = u + 3. What are the prime factors of (4/u)/(2/(-6))?
2, 3
Let g(s) = 14 - 1 + 13*s + s**3 - 1 - 15*s**2. Let j be g(14). What are the prime factors of (-2)/j*20 + 2?
2, 11
Let c be -4*(0 - 2) + -2. Suppose -2*f = f - c. Suppose 0 + f = z. List the prime factors of z.
2
Let n = 6 - -1. List the prime factors of n.
7
What are the prime factors of (-553)/(-7) + (-6)/(-2)?
2, 41
Let m = -34 + 74. What are the prime factors of m?
2, 5
Let d(y) = -y**2 + 8*y - 4. Suppose -40 = -4*i + 3*h, -3*h + 23 = 7*i - 2*i. What are the prime factors of d(i)?
3
Let g = 13 + -7. Let h(j) = j**2 - 6*j + 6. List the prime factors of h(g).
2, 3
Let h = 5 - 5. Suppose h = 6*g - g - 65. List the prime factors of g.
13
Let h be 16/72 - (-806)/18. Let z = h - 30. List the prime factors of z.
3, 5
Let j be 19 - 0 - (0 - -1). Let h be 598/j + 10/(-45). List the prime factors of h/(-1)*1/(-3).
11
Suppose -w + 6*w - 690 = 0. Suppose 0 = 7*x - 4*x - w. List the prime factors of x.
2, 23
Let z(h) = 5*h + 6. Let s be z(6). Suppose -2*x = -0*x - s. What are the prime factors of x?
2, 3
Suppose 715 = 5*q - 5*n, -3*q = -2*q + 5*n - 125. List the prime factors of q.
2, 5, 7
Let g = -10 + 15. Suppose -2*b - 4 = -g*a - 33, -4*a - 16 = -b. What are the prime factors of b?
2, 3
Let p(f) = 22*f**2 - 3*f - 2. Suppose -z = -3*z + 4*v - 2, -z - v - 1 = 0. What are the prime factors of p(z)?
23
Let o be 329/35 + 2/(-5). Suppose 2*b + 5*w + o = 3, -3*w = 5*b - 4. Suppose b*s - 5*f = -7, -21 = -4*s + 2*f + f. List the prime factors of s.
3
Suppose -4*m - 91 = -3*w, 2*m + 0*w + w + 43 = 0. What are the prime factors of (-2)/6 - m/3?
7
Let x(c) = 18*c - 45. List the prime factors of x(18).
3, 31
Let q(f) be the third derivative of 0*f + 1/8*f**4 + 0 + 0*f**3 - f**2. What are the prime factors of q(1)?
3
Let h = -64 - -267. List the prime factors of h.
7, 29
Suppose -w + 1 + 2 = 0. Suppose -v + g = 2*v - 5, w*g = -v + 5. Suppose 2*k - 35 = -3*s + k, v*s - k = 25. What are the prime factors of s?
2, 3
Let j(d) = -8*d - 2*d**2 + d**2 - d + 3. Let s be j(-8). Suppose -3*m - s = -4*m. List the prime factors of m.
11
Suppose -179 - 43 = -6*s. What are the prime factors of s?
37
Let w(b) = -2 - 5 + 36*b**2 - 2*b + 8. What are the prime factors of w(1)?
5, 7
Let d be (2 - 5) + 1 + 1. Let k(x) = 7*x**3 - x + 1. Let g be k(1). Let c = g + d. List the prime factors of c.
2, 3
Let s = 7 - 2. Suppose 8 = -x + s*x. Suppose -12 = -x*j + 2*h, 3 + 7 = 2*j - 4*h. List the prime factors of j.
7
Suppose 3*g + 5 = -4, 5*p = -4*g + 723. What are the prime factors of p?
3, 7
Let b be 428/8 - (-2)/(-4). Suppose 3*v - 10 - b = 0. What are the prime factors of v?
3, 7
Let j(t) = -3*t + 4. Let d be j(3). Let l = d + 5. Suppose i - 8 = -5*f + 14, -2*f + 5*i - 2 = l. What are the prime factors of f?
2
Let j(r) = -7*r**2 - 2*r**3 + 3*r**3 - r - 2*r**3. Suppose 4*c = 5*n + c + 47, -2*n = 4*c - 2. List the prime factors of j(n).
7
Suppose 0 = -10*z + 9*z. Suppose z*j + j = 20. List the prime factors of j.
2, 5
Let q = 41 + -14. What are the prime factors of 696/q - (-2)/9?
2, 13
Suppose u = -2*u - 3. Let k = u - -11. List the prime factors of k.
2, 5
Let a = -69 - -108. List the prime factors of a.
3, 13
Let g be (-1 - -2*2) + 15. What are the prime factors of (g/(-8))/((-9)/24)?
2, 3
Let r be 35/(-11) + (-20)/(-110). Let i(s) = 2*s**2 + 4*s + 2. What are the prime factors of i(r)?
2
Let s(v) be the first derivative of v**3/3 - 7*v**2 + 12*v - 5. List the prime factors of s(15).
3
Suppose 3*i = i + 4. Suppose 0 = p + i*p - 2*f - 41, -2*f = p - 19. List the prime factors of p.
3, 5
Let x = 129 - 10. What are the prime factors of x?
7, 17
Suppose -3*n + 5*n = 6. Let i be -33 + n*(0 - -1). Let j = 45 + i. What are the prime factors of j?
3, 5
Suppose 4*r - 348 = -4*t, -3*r = -5*t + 3*t + 154. List the prime factors of t.
83
Let f(x) = x**2 + 7*x - 4. Let c be f(-8). Suppose c*u + 0*u = 56. List the prime factors of u.
2, 7
Let a be ((1 - 2) + -1)/(-2). Let n = 3 + -9. List the prime factors of a + -4 + (-48)/n.
5
Suppose -5*g - 2*o + 32 = 0, 2*g + 2*o + 7 = 21. Suppose 3*z - 5*z = 8. Let u = z + g. List the prime factors of u.
2
Let m(c) = c**3 + 4*c**2 + 2*c + 5. Let l be m(-4). Let v be (l - -4) + -1 + 1. List the prime factors of 2 - 4 - v*-4.
2
Let r(i) = 4*i**2 - 1. Let b = -1 + 2. Let f be r(b). Suppose 2*l = 3*k - 26, -f*k - 4*l = -5*k + 4. List the prime factors of k.
2, 3
Suppose -2*r + 5 = -1, -5*r + 9 = -2*l. Let p(z) = 3*z - 2. Let c be p(l). Suppose 18 = -i + y + 3*y, y - c = -i. What are the prime factors of i?
2
Let h(c) = c**3 - 4*c**2 - 5*c + 7. Let g be h(5). Let i = g - 4. Suppose m = 14 - i. List the prime factors of m.
11
Let g be 1*3 - (-4 - -5). Suppose u = g*u + i - 12, -4*u + 50 = 5*i. What are the prime factors of u?
2, 5
Suppose 2*p - 7 = -c, -3*p = 3*c - 19 + 1. Suppose -r = -c*r + 16. Suppose -4*w = -3*j + 5, 4*j - r*w + 7*w - 40 = 0. List the prime factors of j.
7
Suppose y + l = 3*l + 118, -2*y - 4*l = -228. What are the prime factors of y?
2, 29
Let a(j) = 13*j**3 + 2*j**2 - 4*j + 2. Let z be a(2). Suppose -5 - z = -3*o. List the prime factors of o.
37
What are the prime factors of ((-75)/20)/((-6)/128)?
2, 5
Let t be (60/(-36))/((-1)/(-69)). What are the prime factors of -3*(t/(-3))/(-5)?
23
Let l(q) = -5*q - 29. Let h(r) = r + 7. Let o(t) = 9*h(t) + 2*l(t). Suppose 0 = i - u + 12, -3*i - 2 = 4*u + 6. What are the prime factors of o(i)?
13
Suppose 0 = 7*c - 6*c - 58. List the prime factors of c.
2, 29
Suppose -4*u + 32 = -136. What are the prime factors of u?
2, 3, 7
Let i(o) = -14*o + 12. What are the